 29. Suppose -n = n - g. Is n prime?
False
Is (-8)/72 - (-450140)/45 a composite number?
True
Suppose 2*b - 3*r - 1039 = 0, 3*r - 127 - 1439 = -3*b. Is b a composite number?
False
Let h(i) = 3*i**2 - 6*i - 5. Let w be h(3). Let n(p) be the third derivative of p**5/6 - p**4/12 + p**3/2 - p**2. Is n(w) composite?
True
Let z(a) = -4*a**2 - 2*a + 3. Let s be z(3). Let i = s + -21. Let m = i + 191. Is m composite?
False
Suppose 0 = 2*b - 15 + 5. Let o(n) = 325*n**3 + 7 + 3*n - 2*n**2 - 3*n**2 - 324*n**3. Is o(b) a prime number?
False
Let s(m) = -m**3 + 3*m**2 + 3*m - 3. Let c be s(3). Let r be 6/c - 31*-31. Let a = r + -631. Is a a prime number?
True
Is (-4)/6*439008/(-64) prime?
False
Let l(f) = -f**3 - 2*f**2. Let t be l(-2). Let c be (-7)/28*(-4 + t). Is 204/1 + (0 - c) a composite number?
True
Is -3 + 237 + 1/(2/(-2)) composite?
False
Let w = -31748 + 61405. Is w composite?
True
Is ((-20)/((-680)/51))/((-3)/(-7726)) a composite number?
False
Let c = -29 + 19. Suppose 0 = 5*g + 2*d + 4 + 56, -2*g - 13 = 3*d. Is (-12 + g)*c/4 a composite number?
True
Let y = -117597 + 236450. Is y composite?
True
Suppose -w + 178 = 3*l, 3*w - 4*w + 2*l + 173 = 0. Let d(a) = 62*a + 6. Let n be d(-6). Let u = w - n. Is u composite?
False
Let m(o) = 4*o**2 + 41*o - 39. Is m(-28) composite?
False
Let q = 58 + -33. Suppose q = -w + 63. Let j = w + -1. Is j prime?
True
Let l(u) = 64*u**2 + 2*u + 21. Let o be l(5). Suppose 0 = 2*i - o - 575. Is i composite?
False
Suppose 11*h - 220325 = -14*h. Is h prime?
False
Let o(t) = 54*t**3 - t + 1. Let h be o(2). Suppose -4233 = -2*j - h. Is j prime?
True
Is (23308/12 - -5)*9/6 a composite number?
True
Suppose -3 = -10*c + 9*c. Suppose 4*q + c*l = 321 + 125, 3*q + l - 337 = 0. Is q prime?
True
Let u = 51 - 47. Suppose -5*s = u*c - 9251, 5*c - s - 9233 = c. Is c prime?
True
Let t = -999 + -675. Let n = t - -3511. Is n composite?
True
Let r = -15 - -7. Let w(s) = -2*s**3 - 9*s**2 - 2*s + 5. Is w(r) prime?
False
Let v(x) = x**3 - 9*x**2 - 9*x - 6. Let c be v(10). Suppose -4*n - 120 = -4*u, c*n = 5*u + 3*n - 130. Suppose u = -5*w, b - 2*b + 4*w + 71 = 0. Is b composite?
True
Let k(v) = 1459*v**2 + 3*v - 7. Let p(a) = -973*a**2 - 2*a + 5. Let f(s) = 5*k(s) + 7*p(s). Is f(1) composite?
True
Suppose 5*v - y = -48 - 66, 70 = -3*v + y. Let i = 165 + -90. Let f = v + i. Is f prime?
True
Let z = 3459 + 1620. Suppose 0 = -5*m + 5*x + 20 + 40, 5*m - 63 = 4*x. Is (-2)/(-5) + z/m a prime number?
False
Let i(b) = -b**3 + 6. Let p be i(0). Suppose w = -3*s + 2141, p*s - 2864 = 2*s + w. Suppose 5*z = 2*y + s, y = -4*z + 725 - 153. Is z a composite number?
True
Is (-34)/510 - (2 - 4666548/45) a composite number?
False
Suppose -4*j + 4*r = -12116 - 3656, 0 = r. Is j a prime number?
True
Let a(x) = 20062*x**2 - 8*x - 1. Let k be a(1). Suppose 2*s - 13*s = -k. Is s a prime number?
True
Suppose 4*s = 3*s + 3. Is (s + -26)/(5/(-85)) composite?
True
Let r = -16 - -19. Suppose -3585 = -0*n - 3*n + 2*i, -r*n + 3*i = -3585. Is n prime?
False
Suppose 5*x + 3*r = 4*r + 4952, -2*x + 1988 = 2*r. Let a = x + 2308. Is a a composite number?
False
Let i = 5 + 10. Suppose -2*g + g = 2*j - 6, 5*j - i = 5*g. Suppose r + 2*l - 313 = g, 0 = 2*r - r - 3*l - 328. Is r composite?
True
Let q be 68/(-18) - 32/144. Is (q/(-8))/(3/1146) a composite number?
False
Let r(v) = v**3 - 15*v**2 + 15*v - 20. Let x be r(14). Let g be (-34)/x + 3/9. Suppose 327 = -3*q + g*q. Is q a composite number?
False
Suppose 42*i = 34*i + 10216. Is i a composite number?
False
Let g = -66 - -72. Is (3 - g - 1) + (-1 - -88) a composite number?
False
Let o = 2230 - -13933. Is o a composite number?
True
Let v be 1*-6*(-8)/24. Suppose -4*d + 2*g = -3*g - 4349, 4*d - v*g - 4334 = 0. Is d prime?
False
Suppose 3152 = 29*d - 37361. Is d prime?
False
Suppose 7 - 2 = -5*b. Suppose -6*g + 160 = -g. Let w = g + b. Is w prime?
True
Is ((-9484)/6)/(22/(-33)) a composite number?
False
Let h(y) = y**2 + 2*y + 1. Let t be h(-3). Let k(j) = -t - 4 + 1 + 50*j. Is k(15) a composite number?
False
Suppose 439124 = 10*a - 162966. Is a prime?
True
Let x(h) = h**2 - 1. Let z(s) = 13*s**2 + 14*s - 1. Let g(m) = 4*x(m) - z(m). Let n be g(10). Let l = n - -2010. Is l a prime number?
True
Let p = 38 + -35. Suppose b = -b - x + 940, 4*b + p*x - 1882 = 0. Is b composite?
True
Suppose 2*j = p + 3*p + 53718, 26819 = j - 10*p. Is j a composite number?
True
Suppose -4*j + 21 = -163. Suppose 0 = -2*s - 3*c + 30, 3*s - 6*s - 5*c + j = 0. Is s/20 + (-6688)/(-20) prime?
False
Let i(d) = 2*d**3 - 28*d**2 + 28*d + 107. Is i(18) a composite number?
False
Suppose -g + 6*g = 2*m - 2037, -4*g = 3*m - 3090. Suppose m = 4*x + 2*y, 5*x - 4*y - 1376 = -126. Suppose -p - p = -x. Is p a composite number?
False
Suppose 0 = 7*p + 26 + 9. Let l(q) = -29*q + 36. Is l(p) prime?
True
Let o = -1 + 4. Suppose -o*g + 0 = -3. Let b(f) = 203*f**3 + f**2 - 2*f + 1. Is b(g) a composite number?
True
Let q = 3819 + 9214. Is q a composite number?
False
Let h(f) = -460*f - 9. Let t be h(-7). Let s = t + -1415. Suppose 0 = 3*p - 2*l - 1343, -4*l - s = -4*p - 0*p. Is p prime?
False
Let w be ((-10)/(-15))/((-1)/3). Let m = w + 6. Suppose -c = m*c - 290. Is c composite?
True
Suppose -2*m = -26*m + 70440. Is m composite?
True
Let l(c) = 11*c - 19. Let r be l(10). Suppose -u - 2*m + r = -5*m, 4*m = 5*u - 477. Is u prime?
True
Suppose 10196 = -4*k + 26704. Is k a composite number?
False
Let i(y) = -y**3 - 10*y + 7. Let p be i(10). Let m = p + 1914. Is m a prime number?
True
Suppose 0 = -66*z + 61*z + 20. Suppose -2*d - 2*p + 443 = -7*p, z*d + 5*p - 811 = 0. Is d composite?
True
Suppose 0 = -5*w + 5*m + 40, -3*w + 19 = 2*w + 2*m. Suppose -5*p = w*p - 15350. Is p a composite number?
True
Is 53255*(1/(-5))/(-1) a composite number?
False
Is ((-168)/(-30) - 5) + (-2226)/(-15) a composite number?
False
Is ((-76)/10 - -8) + (-145824)/(-15) a composite number?
True
Suppose 5*a - 20 = 0, -9965 = 4*h - 7*h - 2*a. Is h composite?
False
Is (36443/44)/(1/4) a composite number?
False
Suppose m - 2136 = -3*w, 4*w + 2*m - 2307 = 541. Suppose -5*j = -w - 1093. Is j composite?
True
Suppose -j = -2*g + 42073 - 8638, 2*g = -3*j + 33415. Is g a composite number?
True
Suppose -44093 = -39*b + 32*b. Is b composite?
False
Let x(r) = -3*r**3 - 8*r + 1. Let c be x(-9). Suppose f + 4*f + c = 0. Is f/(-24) + 1/6 prime?
True
Is 66828/8*4/6 a composite number?
False
Let c be (35/(-10))/((-1)/58). Suppose 938 + c = 7*f. Is f prime?
True
Let p(k) = k**3 + 12*k**2 - 18*k + 14. Suppose 3*d = 4*d + 5, 5*z + 3*d = -80. Is p(z) a prime number?
True
Let w(o) = -o**3 + 26*o**2 - 15*o + 6. Let y be w(15). Let s = 4591 - y. Is s prime?
False
Suppose -5*c + 2*y - 5401 = 0, 4*c + 4*y = 2*c - 2170. Let d = -648 + -102. Let s = d - c. Is s a prime number?
True
Let f(a) = a**2 + 8*a + 4. Let h be f(-6). Let n be h/24 - (-2392)/3. Suppose -5*b = -4*k + n, 615 = 3*k + b + b. Is k prime?
False
Let j(g) = 595*g**2 - 9*g - 41. Is j(-6) composite?
False
Suppose 754311 = 49*r - 59726. Is r a prime number?
False
Suppose -6*z + z + 2*t = -71, 0 = -4*z + t + 55. Suppose -z = i - 3*d + 8, -63 = 2*i + d. Let m = i - -69. Is m composite?
True
Let s(x) = 3*x**2 + 3*x - 8. Let c(j) = 3*j**2 - 1. Let a be c(-1). Suppose 4 = a*o - 8. Is s(o) a prime number?
False
Let o(i) = 11*i - 1 + 2*i**2 - 6 - i. Let a be 3*(-16)/(-6) - -2. Is o(a) prime?
True
Suppose 4*l = n + 3*l + 4, 19 = -3*n - 4*l. Let v be 0 + (-794)/(n + 3). Suppose -3*g - v = -3*q - g, 3*q = -g + 391. Is q a prime number?
True
Suppose 0 = -y - 3 - 1. Is (1 - -194) + y/1 prime?
True
Is (-5261)/(-1*1/(3 - 2)) a composite number?
False
Let y be 4*((-21)/(-4) - 3). Suppose 4*s - y = s. Suppose 8 - 41 = -s*k. Is k prime?
True
Let g(h) = -3*h**2 - 23*h + 14. Let a(y) = y**2 + y**2 - 9 + 0 + 16*y - y. Let n(o) = -7*a(o) - 5*g(o). Is n(6) composite?
False
Let i(d) = -d**3 + 12*d**2 + 42*d - 184. Is i(-35) composite?
False
Let g = 100 + 803. Let i = g + -382. Is i a prime number?
True
Suppose 3*g - 9*g + 22998 = 0. Is g a prime number?
True
Suppose 0 = -49*o + 46*o + 8301. Is o a composite number?
False
Suppose -3*g + 2*g = 0. Suppose 0 = -2*r + 3*f + 2*f - 17, -5*r - 4*f + 7 = g. Is (-2 - -134 - -2) + r prime?
False
Let o(f) = -1373*f. Let n(i) = -1374*i + 1. Let g(k) = -3*n(